[INFO] cloning repository https://github.com/node1mei/pod-engine
[INFO] running `Command { std: "git" "-c" "credential.helper=" "-c" "credential.helper=/workspace/cargo-home/bin/git-credential-null" "clone" "--bare" "https://github.com/node1mei/pod-engine" "/workspace/cache/git-repos/https%3A%2F%2Fgithub.com%2Fnode1mei%2Fpod-engine", kill_on_drop: false }`
[INFO] [stderr] Cloning into bare repository '/workspace/cache/git-repos/https%3A%2F%2Fgithub.com%2Fnode1mei%2Fpod-engine'...
[INFO] running `Command { std: "git" "rev-parse" "HEAD", kill_on_drop: false }`
[INFO] [stdout] d5518088f0f2f872e4cab54d15e7ca0c1b99f120
[INFO] building node1mei/pod-engine against master#881c1ac408d93bb7adaa3a51dabab9266e82eee8 for issue-85264
[INFO] running `Command { std: "git" "clone" "/workspace/cache/git-repos/https%3A%2F%2Fgithub.com%2Fnode1mei%2Fpod-engine" "/workspace/builds/worker-2/source", kill_on_drop: false }`
[INFO] [stderr] Cloning into '/workspace/builds/worker-2/source'...
[INFO] [stderr] done.
[INFO] validating manifest of git repo https://github.com/node1mei/pod-engine on toolchain 881c1ac408d93bb7adaa3a51dabab9266e82eee8
[INFO] running `Command { std: "/workspace/cargo-home/bin/cargo" "+881c1ac408d93bb7adaa3a51dabab9266e82eee8" "metadata" "--manifest-path" "Cargo.toml" "--no-deps", kill_on_drop: false }`
[INFO] started tweaking git repo https://github.com/node1mei/pod-engine
[INFO] finished tweaking git repo https://github.com/node1mei/pod-engine
[INFO] tweaked toml for git repo https://github.com/node1mei/pod-engine written to /workspace/builds/worker-2/source/Cargo.toml
[INFO] crate git repo https://github.com/node1mei/pod-engine already has a lockfile, it will not be regenerated
[INFO] running `Command { std: "/workspace/cargo-home/bin/cargo" "+881c1ac408d93bb7adaa3a51dabab9266e82eee8" "fetch" "--manifest-path" "Cargo.toml", kill_on_drop: false }`
[INFO] running `Command { std: "docker" "create" "-v" "/var/lib/crater-agent-workspace/builds/worker-2/target:/opt/rustwide/target:rw,Z" "-v" "/var/lib/crater-agent-workspace/builds/worker-2/source:/opt/rustwide/workdir:ro,Z" "-v" "/var/lib/crater-agent-workspace/cargo-home:/opt/rustwide/cargo-home:ro,Z" "-v" "/var/lib/crater-agent-workspace/rustup-home:/opt/rustwide/rustup-home:ro,Z" "-e" "SOURCE_DIR=/opt/rustwide/workdir" "-e" "CARGO_TARGET_DIR=/opt/rustwide/target" "-e" "CARGO_HOME=/opt/rustwide/cargo-home" "-e" "RUSTUP_HOME=/opt/rustwide/rustup-home" "-w" "/opt/rustwide/workdir" "-m" "1610612736" "--user" "0:0" "--network" "none" "ghcr.io/rust-lang/crates-build-env/linux@sha256:20528e8c29e4536546f0102ce88568b16ea7538393a33fcca951030f7af10457" "/opt/rustwide/cargo-home/bin/cargo" "+881c1ac408d93bb7adaa3a51dabab9266e82eee8" "metadata" "--no-deps" "--format-version=1", kill_on_drop: false }`
[INFO] [stdout] d21332fc7a412f43de1cec83187dbb2cc9fd5697d556555dbca76475b4f7a54c
[INFO] [stderr] WARNING: Your kernel does not support swap limit capabilities or the cgroup is not mounted. Memory limited without swap.
[INFO] running `Command { std: "docker" "start" "-a" "d21332fc7a412f43de1cec83187dbb2cc9fd5697d556555dbca76475b4f7a54c", kill_on_drop: false }`
[INFO] running `Command { std: "docker" "inspect" "d21332fc7a412f43de1cec83187dbb2cc9fd5697d556555dbca76475b4f7a54c", kill_on_drop: false }`
[INFO] running `Command { std: "docker" "rm" "-f" "d21332fc7a412f43de1cec83187dbb2cc9fd5697d556555dbca76475b4f7a54c", kill_on_drop: false }`
[INFO] [stdout] d21332fc7a412f43de1cec83187dbb2cc9fd5697d556555dbca76475b4f7a54c
[INFO] running `Command { std: "docker" "create" "-v" "/var/lib/crater-agent-workspace/builds/worker-2/target:/opt/rustwide/target:rw,Z" "-v" "/var/lib/crater-agent-workspace/builds/worker-2/source:/opt/rustwide/workdir:ro,Z" "-v" "/var/lib/crater-agent-workspace/cargo-home:/opt/rustwide/cargo-home:ro,Z" "-v" "/var/lib/crater-agent-workspace/rustup-home:/opt/rustwide/rustup-home:ro,Z" "-e" "SOURCE_DIR=/opt/rustwide/workdir" "-e" "CARGO_TARGET_DIR=/opt/rustwide/target" "-e" "CARGO_INCREMENTAL=0" "-e" "RUST_BACKTRACE=full" "-e" "RUSTFLAGS=--cap-lints=forbid" "-e" "CARGO_HOME=/opt/rustwide/cargo-home" "-e" "RUSTUP_HOME=/opt/rustwide/rustup-home" "-w" "/opt/rustwide/workdir" "-m" "1610612736" "--user" "0:0" "--network" "none" "ghcr.io/rust-lang/crates-build-env/linux@sha256:20528e8c29e4536546f0102ce88568b16ea7538393a33fcca951030f7af10457" "/opt/rustwide/cargo-home/bin/cargo" "+881c1ac408d93bb7adaa3a51dabab9266e82eee8" "build" "--frozen" "--message-format=json", kill_on_drop: false }`
[INFO] [stdout] 1bf59ba69ad336e8d701561d9de9de375c266b2c0cf03263169f0caea62e0251
[INFO] [stderr] WARNING: Your kernel does not support swap limit capabilities or the cgroup is not mounted. Memory limited without swap.
[INFO] running `Command { std: "docker" "start" "-a" "1bf59ba69ad336e8d701561d9de9de375c266b2c0cf03263169f0caea62e0251", kill_on_drop: false }`
[INFO] [stderr]    Compiling winapi v0.3.9
[INFO] [stderr]    Compiling pod v0.1.0 (/opt/rustwide/workdir)
[INFO] [stdout] error[E0433]: failed to resolve: could not find `windows` in `os`
[INFO] [stdout]  --> src/platform/windows/helloengine.rs:3:14
[INFO] [stdout]   |
[INFO] [stdout] 3 | use std::os::windows::ffi::OsStrExt;
[INFO] [stdout]   |              ^^^^^^^ could not find `windows` in `os`
[INFO] [stdout] 
[INFO] [stdout] 
[INFO] [stdout] error[E0433]: failed to resolve: could not find `shared` in `winapi`
[INFO] [stdout]  --> src/platform/windows/helloengine.rs:5:13
[INFO] [stdout]   |
[INFO] [stdout] 5 | use winapi::shared::minwindef::{LPARAM, LRESULT, UINT, WPARAM};
[INFO] [stdout]   |             ^^^^^^ could not find `shared` in `winapi`
[INFO] [stdout] 
[INFO] [stdout] 
[INFO] [stdout] error[E0433]: failed to resolve: could not find `shared` in `winapi`
[INFO] [stdout]  --> src/platform/windows/helloengine.rs:6:13
[INFO] [stdout]   |
[INFO] [stdout] 6 | use winapi::shared::windef::HWND;
[INFO] [stdout]   |             ^^^^^^ could not find `shared` in `winapi`
[INFO] [stdout] 
[INFO] [stdout] 
[INFO] [stdout] error[E0433]: failed to resolve: could not find `um` in `winapi`
[INFO] [stdout]  --> src/platform/windows/helloengine.rs:7:13
[INFO] [stdout]   |
[INFO] [stdout] 7 | use winapi::um::libloaderapi::GetModuleHandleW;
[INFO] [stdout]   |             ^^ could not find `um` in `winapi`
[INFO] [stdout] 
[INFO] [stdout] 
[INFO] [stdout] error[E0433]: failed to resolve: could not find `um` in `winapi`
[INFO] [stdout]  --> src/platform/windows/helloengine.rs:8:13
[INFO] [stdout]   |
[INFO] [stdout] 8 | use winapi::um::winuser::*;
[INFO] [stdout]   |             ^^ could not find `um` in `winapi`
[INFO] [stdout] 
[INFO] [stdout] 
[INFO] [stdout] error[E0425]: cannot find function, tuple struct or tuple variant `GetModuleHandleW` in this scope
[INFO] [stdout]   --> src/platform/windows/helloengine.rs:20:21
[INFO] [stdout]    |
[INFO] [stdout] 20 |     let hinstance = GetModuleHandleW(null_mut());
[INFO] [stdout]    |                     ^^^^^^^^^^^^^^^^ not found in this scope
[INFO] [stdout] 
[INFO] [stdout] 
[INFO] [stdout] error[E0422]: cannot find struct, variant or union type `WNDCLASSW` in this scope
[INFO] [stdout]   --> src/platform/windows/helloengine.rs:21:21
[INFO] [stdout]    |
[INFO] [stdout] 21 |     let wnd_class = WNDCLASSW {
[INFO] [stdout]    |                     ^^^^^^^^^ not found in this scope
[INFO] [stdout] 
[INFO] [stdout] 
[INFO] [stdout] error[E0425]: cannot find value `CS_OWNDC` in this scope
[INFO] [stdout]   --> src/platform/windows/helloengine.rs:22:14
[INFO] [stdout]    |
[INFO] [stdout] 22 |       style: CS_OWNDC | CS_HREDRAW | CS_VREDRAW,
[INFO] [stdout]    |              ^^^^^^^^ not found in this scope
[INFO] [stdout] 
[INFO] [stdout] 
[INFO] [stdout] error[E0425]: cannot find value `CS_HREDRAW` in this scope
[INFO] [stdout]   --> src/platform/windows/helloengine.rs:22:25
[INFO] [stdout]    |
[INFO] [stdout] 22 |       style: CS_OWNDC | CS_HREDRAW | CS_VREDRAW,
[INFO] [stdout]    |                         ^^^^^^^^^^ not found in this scope
[INFO] [stdout] 
[INFO] [stdout] 
[INFO] [stdout] error[E0425]: cannot find value `CS_VREDRAW` in this scope
[INFO] [stdout]   --> src/platform/windows/helloengine.rs:22:38
[INFO] [stdout]    |
[INFO] [stdout] 22 |       style: CS_OWNDC | CS_HREDRAW | CS_VREDRAW,
[INFO] [stdout]    |                                      ^^^^^^^^^^ not found in this scope
[INFO] [stdout] 
[INFO] [stdout] 
[INFO] [stdout] error[E0425]: cannot find function, tuple struct or tuple variant `RegisterClassW` in this scope
[INFO] [stdout]   --> src/platform/windows/helloengine.rs:33:5
[INFO] [stdout]    |
[INFO] [stdout] 33 |     RegisterClassW(&wnd_class);
[INFO] [stdout]    |     ^^^^^^^^^^^^^^ not found in this scope
[INFO] [stdout] 
[INFO] [stdout] 
[INFO] [stdout] error[E0425]: cannot find function, tuple struct or tuple variant `CreateWindowExW` in this scope
[INFO] [stdout]   --> src/platform/windows/helloengine.rs:35:24
[INFO] [stdout]    |
[INFO] [stdout] 35 |     let h_wnd_window = CreateWindowExW(
[INFO] [stdout]    |                        ^^^^^^^^^^^^^^^ not found in this scope
[INFO] [stdout] 
[INFO] [stdout] 
[INFO] [stdout] error[E0425]: cannot find value `WS_OVERLAPPEDWINDOW` in this scope
[INFO] [stdout]   --> src/platform/windows/helloengine.rs:39:7
[INFO] [stdout]    |
[INFO] [stdout] 39 |       WS_OVERLAPPEDWINDOW,
[INFO] [stdout]    |       ^^^^^^^^^^^^^^^^^^^ not found in this scope
[INFO] [stdout] 
[INFO] [stdout] 
[INFO] [stdout] error[E0425]: cannot find function, tuple struct or tuple variant `ShowWindow` in this scope
[INFO] [stdout]   --> src/platform/windows/helloengine.rs:53:5
[INFO] [stdout]    |
[INFO] [stdout] 53 |     ShowWindow(h_wnd_window, SW_SHOW);
[INFO] [stdout]    |     ^^^^^^^^^^ not found in this scope
[INFO] [stdout] 
[INFO] [stdout] 
[INFO] [stdout] error[E0425]: cannot find value `SW_SHOW` in this scope
[INFO] [stdout]   --> src/platform/windows/helloengine.rs:53:30
[INFO] [stdout]    |
[INFO] [stdout] 53 |     ShowWindow(h_wnd_window, SW_SHOW);
[INFO] [stdout]    |                              ^^^^^^^ not found in this scope
[INFO] [stdout] 
[INFO] [stdout] 
[INFO] [stdout] error[E0412]: cannot find type `MSG` in this scope
[INFO] [stdout]   --> src/platform/windows/helloengine.rs:55:18
[INFO] [stdout]    |
[INFO] [stdout] 55 |     let mut msg: MSG = std::mem::zeroed();
[INFO] [stdout]    |                  ^^^ not found in this scope
[INFO] [stdout] 
[INFO] [stdout] 
[INFO] [stdout] error[E0425]: cannot find function, tuple struct or tuple variant `GetMessageW` in this scope
[INFO] [stdout]   --> src/platform/windows/helloengine.rs:59:10
[INFO] [stdout]    |
[INFO] [stdout] 59 |       if GetMessageW(&mut msg, h_wnd_window, 0, 0) > 0 {
[INFO] [stdout]    |          ^^^^^^^^^^^ not found in this scope
[INFO] [stdout] 
[INFO] [stdout] 
[INFO] [stdout] error[E0425]: cannot find function, tuple struct or tuple variant `TranslateMessage` in this scope
[INFO] [stdout]   --> src/platform/windows/helloengine.rs:60:9
[INFO] [stdout]    |
[INFO] [stdout] 60 |         TranslateMessage(&msg);
[INFO] [stdout]    |         ^^^^^^^^^^^^^^^^ not found in this scope
[INFO] [stdout] 
[INFO] [stdout] 
[INFO] [stdout] error[E0425]: cannot find function, tuple struct or tuple variant `DispatchMessageA` in this scope
[INFO] [stdout]   --> src/platform/windows/helloengine.rs:61:9
[INFO] [stdout]    |
[INFO] [stdout] 61 |         DispatchMessageA(&msg);
[INFO] [stdout]    |         ^^^^^^^^^^^^^^^^ not found in this scope
[INFO] [stdout] 
[INFO] [stdout] 
[INFO] [stdout] error[E0412]: cannot find type `HWND` in this scope
[INFO] [stdout]   --> src/platform/windows/helloengine.rs:74:10
[INFO] [stdout]    |
[INFO] [stdout] 74 |   h_wnd: HWND,
[INFO] [stdout]    |          ^^^^ not found in this scope
[INFO] [stdout] 
[INFO] [stdout] 
[INFO] [stdout] error[E0412]: cannot find type `UINT` in this scope
[INFO] [stdout]   --> src/platform/windows/helloengine.rs:75:8
[INFO] [stdout]    |
[INFO] [stdout] 75 |   msg: UINT,
[INFO] [stdout]    |        ^^^^ not found in this scope
[INFO] [stdout] 
[INFO] [stdout] 
[INFO] [stdout] error[E0412]: cannot find type `WPARAM` in this scope
[INFO] [stdout]   --> src/platform/windows/helloengine.rs:76:12
[INFO] [stdout]    |
[INFO] [stdout] 76 |   w_param: WPARAM,
[INFO] [stdout]    |            ^^^^^^ not found in this scope
[INFO] [stdout] 
[INFO] [stdout] 
[INFO] [stdout] error[E0412]: cannot find type `LPARAM` in this scope
[INFO] [stdout]   --> src/platform/windows/helloengine.rs:77:12
[INFO] [stdout]    |
[INFO] [stdout] 77 |   l_param: LPARAM,
[INFO] [stdout]    |            ^^^^^^ not found in this scope
[INFO] [stdout] 
[INFO] [stdout] 
[INFO] [stdout] error[E0412]: cannot find type `LRESULT` in this scope
[INFO] [stdout]   --> src/platform/windows/helloengine.rs:78:6
[INFO] [stdout]    |
[INFO] [stdout] 78 | ) -> LRESULT {
[INFO] [stdout]    |      ^^^^^^^ not found in this scope
[INFO] [stdout] 
[INFO] [stdout] 
[INFO] [stdout] error[E0425]: cannot find value `WM_DESTROY` in this scope
[INFO] [stdout]   --> src/platform/windows/helloengine.rs:79:13
[INFO] [stdout]    |
[INFO] [stdout] 79 |   if msg == WM_DESTROY {
[INFO] [stdout]    |             ^^^^^^^^^^ not found in this scope
[INFO] [stdout] 
[INFO] [stdout] 
[INFO] [stdout] error[E0425]: cannot find function, tuple struct or tuple variant `PostQuitMessage` in this scope
[INFO] [stdout]   --> src/platform/windows/helloengine.rs:80:5
[INFO] [stdout]    |
[INFO] [stdout] 80 |     PostQuitMessage(0);
[INFO] [stdout]    |     ^^^^^^^^^^^^^^^ not found in this scope
[INFO] [stdout] 
[INFO] [stdout] 
[INFO] [stdout] error[E0425]: cannot find function, tuple struct or tuple variant `DefWindowProcW` in this scope
[INFO] [stdout]   --> src/platform/windows/helloengine.rs:82:3
[INFO] [stdout]    |
[INFO] [stdout] 82 |   DefWindowProcW(h_wnd, msg, w_param, l_param)
[INFO] [stdout]    |   ^^^^^^^^^^^^^^ not found in this scope
[INFO] [stdout] 
[INFO] [stdout] 
[INFO] [stdout] warning: unused import: `std::error::Error`
[INFO] [stdout]  --> src/framework/traits/runtime.rs:1:5
[INFO] [stdout]   |
[INFO] [stdout] 1 | use std::error::Error;
[INFO] [stdout]   |     ^^^^^^^^^^^^^^^^^
[INFO] [stdout]   |
[INFO] [stdout]   = note: `#[warn(unused_imports)]` on by default
[INFO] [stdout] 
[INFO] [stdout] 
[INFO] [stdout] error[E0599]: no method named `encode_wide` found for reference `&OsStr` in the current scope
[INFO] [stdout]   --> src/platform/windows/helloengine.rs:70:21
[INFO] [stdout]    |
[INFO] [stdout] 70 |   OsStr::new(value).encode_wide().chain(once(0)).collect()
[INFO] [stdout]    |                     ^^^^^^^^^^^ method not found in `&OsStr`
[INFO] [stdout] 
[INFO] [stdout] 
[INFO] [stdout] error: aborting due to 28 previous errors; 1 warning emitted
[INFO] [stdout] 
[INFO] [stdout] 
[INFO] [stdout] Some errors have detailed explanations: E0412, E0422, E0425, E0433, E0599.
[INFO] [stdout] 
[INFO] [stdout] For more information about an error, try `rustc --explain E0412`.
[INFO] [stdout] 
[INFO] [stderr] error: could not compile `pod`
[INFO] [stderr] 
[INFO] [stderr] To learn more, run the command again with --verbose.
[INFO] running `Command { std: "docker" "inspect" "1bf59ba69ad336e8d701561d9de9de375c266b2c0cf03263169f0caea62e0251", kill_on_drop: false }`
[INFO] running `Command { std: "docker" "rm" "-f" "1bf59ba69ad336e8d701561d9de9de375c266b2c0cf03263169f0caea62e0251", kill_on_drop: false }`
[INFO] [stdout] 1bf59ba69ad336e8d701561d9de9de375c266b2c0cf03263169f0caea62e0251
